{"id":427,"date":"2021-07-06T04:00:33","date_gmt":"2021-07-06T04:00:33","guid":{"rendered":"http:\/\/mge.ubiobio.cl\/?page_id=427"},"modified":"2025-07-29T01:53:21","modified_gmt":"2025-07-29T01:53:21","slug":"vinculacion","status":"publish","type":"page","link":"http:\/\/mge.ubiobio.cl\/index.php\/vinculacion\/","title":{"rendered":"Vinculaci\u00f3n"},"content":{"rendered":"\n<p>El Programa de MGE cuenta con una pol\u00edtica de vinculaci\u00f3n externa en los \u00e1mbitos nacional e internacional, para incentivar y promover la articulaci\u00f3n interinstitucional y la movilidad estudiantil.<\/p>\n\n\n\n<p>Para lo cual, la Universidad del B\u00edo-B\u00edo cuenta con un gran n\u00famero de convenios con instituciones y universidades nacionales y extranjeras, la mayor\u00eda de los cuales permiten la movilidad estudiantil a nivel de Postgrado. En el contexto de los convenios de cooperaci\u00f3n, la Universidad del B\u00edo-B\u00edo cuenta con convenios que tienen como objetivo aportar al intercambio estudiantil y\/o acad\u00e9mico internacional y que pueden ser activados por el estudiantado y profesorado del Programa. Adicionalmente, la Facultad de Ciencias Empresariales tambi\u00e9n ha establecido Protocolos de Colaboraci\u00f3n con diferentes organizaciones locales, regionales y nacionales.<\/p>\n\n\n\n<p>Adem\u00e1s, el programa promueve la integraci\u00f3n y vinculaci\u00f3n con centros de formaci\u00f3n extranjeros por medio de pasant\u00edas estudiantiles y acad\u00e9micas.&nbsp;<\/p>\n\n\n\n<p>A continuaci\u00f3n, se despliega el listado de Protocolos de Colaboraci\u00f3n&nbsp;y&nbsp;Convenios Marco&nbsp;con otras Instituciones Nacionales e Internacionales, que se encuentran a disposici\u00f3n del Mag\u00edster en Gesti\u00f3n de Empresas los cuales abarcan diferentes \u00e1mbitos de acci\u00f3n en los que pueden participar el estudiantado y profesorado del programa:<\/p>\n\n\n\n<div data-wp-interactive=\"core\/file\" class=\"wp-block-file\"><object data-wp-bind--hidden=\"!state.hasPdfPreview\" hidden class=\"wp-block-file__embed\" data=\"https:\/\/mge.ubiobio.cl\/wp-content\/uploads\/2025\/07\/Protocolos-de-Colaboracion-Vigentes-FACE-1-1.pdf\" type=\"application\/pdf\" style=\"width:100%;height:900px\" aria-label=\"Incrustado de Protocolos de Colaboraci\u00f3n Vigentes FACE (1).\"><\/object><a id=\"wp-block-file--media-e184f23b-5d87-4309-81f8-572748c8b964\" href=\"https:\/\/mge.ubiobio.cl\/wp-content\/uploads\/2025\/07\/Protocolos-de-Colaboracion-Vigentes-FACE-1-1.pdf\">Protocolos de Colaboraci\u00f3n Vigentes FACE (1)<\/a><\/div>\n\n\n\n<div data-wp-interactive=\"core\/file\" class=\"wp-block-file\"><object data-wp-bind--hidden=\"!state.hasPdfPreview\" hidden class=\"wp-block-file__embed\" data=\"https:\/\/mge.ubiobio.cl\/wp-content\/uploads\/2025\/07\/Convenios-Vigentes.pdf\" type=\"application\/pdf\" style=\"width:100%;height:900px\" aria-label=\"Incrustado de Convenios-Vigentes.\"><\/object><a id=\"wp-block-file--media-193c24b0-60be-4b40-ac20-804bb6cc92e0\" href=\"https:\/\/mge.ubiobio.cl\/wp-content\/uploads\/2025\/07\/Convenios-Vigentes.pdf\">Convenios-Vigentes<\/a><\/div>\n","protected":false},"excerpt":{"rendered":"<p>El Programa de MGE cuenta con una pol\u00edtica de vinculaci\u00f3n externa en los \u00e1mbitos nacional e internacional, para incentivar y promover la articulaci\u00f3n interinstitucional y la movilidad estudiantil. Para lo cual, la Universidad del B\u00edo-B\u00edo cuenta con un gran n\u00famero de convenios con instituciones y universidades nacionales y extranjeras, la mayor\u00eda de los cuales permiten [&hellip;]<\/p>\n","protected":false},"author":1,"featured_media":0,"parent":0,"menu_order":0,"comment_status":"closed","ping_status":"closed","template":"","meta":{"footnotes":""},"class_list":["post-427","page","type-page","status-publish","hentry"],"_links":{"self":[{"href":"http:\/\/mge.ubiobio.cl\/index.php\/wp-json\/wp\/v2\/pages\/427","targetHints":{"allow":["GET"]}}],"collection":[{"href":"http:\/\/mge.ubiobio.cl\/index.php\/wp-json\/wp\/v2\/pages"}],"about":[{"href":"http:\/\/mge.ubiobio.cl\/index.php\/wp-json\/wp\/v2\/types\/page"}],"author":[{"embeddable":true,"href":"http:\/\/mge.ubiobio.cl\/index.php\/wp-json\/wp\/v2\/users\/1"}],"replies":[{"embeddable":true,"href":"http:\/\/mge.ubiobio.cl\/index.php\/wp-json\/wp\/v2\/comments?post=427"}],"version-history":[{"count":7,"href":"http:\/\/mge.ubiobio.cl\/index.php\/wp-json\/wp\/v2\/pages\/427\/revisions"}],"predecessor-version":[{"id":3158,"href":"http:\/\/mge.ubiobio.cl\/index.php\/wp-json\/wp\/v2\/pages\/427\/revisions\/3158"}],"wp:attachment":[{"href":"http:\/\/mge.ubiobio.cl\/index.php\/wp-json\/wp\/v2\/media?parent=427"}],"curies":[{"name":"wp","href":"https:\/\/api.w.org\/{rel}","templated":true}]}}