{"id":437,"date":"2021-07-08T03:02:06","date_gmt":"2021-07-08T03:02:06","guid":{"rendered":"http:\/\/mge.ubiobio.cl\/?page_id=437"},"modified":"2025-12-20T15:31:02","modified_gmt":"2025-12-20T15:31:02","slug":"postulacion","status":"publish","type":"page","link":"https:\/\/mge.ubiobio.cl\/index.php\/postulacion\/","title":{"rendered":"Postulaci\u00f3n"},"content":{"rendered":"\n<div class=\"alert alert-danger\" role=\"alert\" style=\"color: #ffffff; background-color: #ff7d89; border-color: #ff7d89;   border-radius: 0px;\">\n   POSTULACI\u00d3N A PARTIR DEL A\u00d1O 2024\n<\/div>\n\n\n\n<ul class=\"wp-block-list\">\n<li>Poseer un grado acad\u00e9mico de licenciado\/a o t\u00edtulo profesional derivado de una carrera de un m\u00ednimo de 8 semestres de estudio en las \u00e1reas de administraci\u00f3n, econom\u00eda o computaci\u00f3n e inform\u00e1tica, o bien, alternativamente, contar con experiencia m\u00ednima de 2 a\u00f1os en las l\u00edneas de desarrollo del programa y adem\u00e1s poseer un grado acad\u00e9mico de licenciado\/a o t\u00edtulo profesional derivado de una carrera de un m\u00ednimo de 8 semestres. Las certificaciones acad\u00e9micas deber\u00e1n emanar de alguna de las Instituciones Universitarias reconocidas por el Ministerio de Educaci\u00f3n de Chile o su equivalente en el extranjero. En el caso de certificaciones acad\u00e9micas extendidas en el extranjero, \u00e9stas deber\u00e1n acreditarse mediante instrumentos apostillados o legalizados. <\/li>\n<\/ul>\n\n\n\n<h4 class=\"wp-block-heading\"><strong>Documentaci\u00f3n m\u00ednima que deber\u00e1 presentar el postulante<\/strong><\/h4>\n\n\n\n<ul class=\"wp-block-list\">\n<li>Solicitud de admisi\u00f3n al Mag\u00edster en Gesti\u00f3n de Empresas.<\/li>\n\n\n\n<li>Curr\u00edculum Vitae que incluya el debido respaldo de su(s) grado(s) acad\u00e9mico(s) y certificado de concentraci\u00f3n de notas de pregrado para el caso de estar haciendo uso de articulaci\u00f3n con una carrera de la Universidad del B\u00edo-B\u00edo.&nbsp; Las certificaciones acad\u00e9micas extendidas en Chile se acreditar\u00e1n mediante el respectivo instrumento oficial o su copia autorizada ante notario p\u00fablico. En caso de certificaciones acad\u00e9micas extendidas en el extranjero, \u00e9stas deber\u00e1n acreditarse mediante instrumentos apostillados o legalizados en Chile.<\/li>\n\n\n\n<li>Fotocopia de c\u00e9dula de identidad y certificado de nacimiento. En el caso de extranjeros, se deber\u00e1 acompa\u00f1ar copia autorizada del respectivo pasaporte.<\/li>\n<\/ul>\n\n\n\n<p>En el momento de ser aceptado, el\/la postulante extranjero\/a deber\u00e1 presentar una declaraci\u00f3n jurada simple que exprese que tiene los recursos financieros suficientes para realizar estudios de postgrado en Chile (independientemente de su postulaci\u00f3n a becas) y una carta de corroboraci\u00f3n de domicilio en su respectivo pa\u00eds.<\/p>\n\n\n\n<p>En el caso de los y las postulantes que cuenten con el \u201cPremio Universidad del B\u00edo-B\u00edo\u201d, estos deber\u00e1n entregar, adicionalmente a los antecedentes antes se\u00f1alados, una copia del decreto universitario o certificaci\u00f3n que acredite dicho premio.<\/p>\n\n\n\n<p>Otros antecedentes que pueden ser relevantes, como documentaci\u00f3n de capacitaciones, trabajo en proyectos, cartas de recomendaci\u00f3n, etc. Entrevista personal.<\/p>\n\n\n\n<p>El Comit\u00e9 Acad\u00e9mico del programa es el responsable de estudiar y calificar los antecedentes de los postulantes y resolver su admisi\u00f3n o rechazo, al igual que determinar si procede alguna actividad remedial. A su vez, es la instancia acad\u00e9mica responsable de coordinar, supervisar y evaluar el desarrollo y el nivel de excelencia del programa.<\/p>\n\n\n\n<p>El n\u00famero de alumnos(as) articulados permitidos por cohorte es presentado al Consejo de Facultad y definido por el Comit\u00e9 Acad\u00e9mico, en cuya selecci\u00f3n se considera la entrevista y todos los antecedentes presentados para la decisi\u00f3n.<\/p>\n\n\n\n<h4 class=\"wp-block-heading\"><strong>SISTEMA DE SELECCI\u00d3N<\/strong><\/h4>\n\n\n\n<p>El sistema de selecci\u00f3n considera las etapas de recepci\u00f3n de antecedentes, preselecci\u00f3n y selecci\u00f3n de postulantes.<\/p>\n\n\n\n<h4 class=\"wp-block-heading\">1. <strong>Recepci\u00f3n de antecedentes<\/strong><\/h4>\n\n\n\n<p>Los\/as interesados\/as deber\u00e1n enviar los documentos de postulaci\u00f3n se\u00f1alados al correo electr\u00f3nico postgradoface@ubiobio.cl, en el caso que postulen a la sede Concepci\u00f3n, y al correo electr\u00f3nico mgechillan@ubiobio.cl, en el caso que postulen a la sede Chill\u00e1n, en el plazo establecido en cada convocatoria.<\/p>\n\n\n\n<h4 class=\"wp-block-heading has-large-font-size\">2. <strong>Preselecci\u00f3n<\/strong><\/h4>\n\n\n\n<p>Al culminar el plazo de la convocatoria, se revisar\u00e1n los antecedentes de los\/as postulantes y se realizar\u00e1 una preselecci\u00f3n, atendiendo a las vacantes disponibles. La notificaci\u00f3n de su preselecci\u00f3n o no preselecci\u00f3n se enviar\u00e1 a cada postulante al correo electr\u00f3nico que haya se\u00f1alado expresamente en su solicitud para este efecto y para las restantes notificaciones del programa. En caso contrario, se har\u00e1 por carta certificada al domicilio que haya indicado en su postulaci\u00f3n.<\/p>\n\n\n\n<h4 class=\"wp-block-heading has-large-font-size\">3. <strong>Selecci\u00f3n<\/strong><\/h4>\n\n\n\n<p>Los\/as postulantes preseleccionados\/as deber\u00e1n asistir a una entrevista, personal o en l\u00ednea, con miembros del Comit\u00e9 Acad\u00e9mico. A continuaci\u00f3n, dicho Comit\u00e9 revisar\u00e1 los antecedentes de los\/as postulantes preseleccionados\/as, atendiendo al cumplimiento de los antecedentes exigidos, y los resultados de la entrevista. Seg\u00fan ello, y en base a una pauta previamente establecida e informada a los interesados en la convocatoria, fijar\u00e1 un orden de prelaci\u00f3n de los postulantes. La notificaci\u00f3n de la selecci\u00f3n o no selecci\u00f3n de cada postulante preseleccionado\/a se har\u00e1 en la forma ya se\u00f1alada en el numeral 2 precedente.<\/p>\n\n\n\n<h4 class=\"wp-block-heading\"><strong>Formulario de postulaci\u00f3n<\/strong><\/h4>\n\n\n\n<p>Para postular al programa de <strong>Magister en Gesti\u00f3n de Empresas<\/strong> debe completar y enviar el siguiente formulario.<\/p>\n\n\n\n<div class=\"alert alert-secondary text-center\" role=\"alert\">\n  Para ingresar al formulario haga click en el siguiente enlace: <a target=\"blank\" href=\"http:\/\/postgrados.ubiobio.cl\/Postulacion\/39\/\" class=\"btn btn-lg btn-dark\" rel=\"noopener\">Ir al formulario<\/a>\n<\/div>\n\n\n\n<h4 class=\"wp-block-heading\">Pauta Evaluaci\u00f3n Candidatos al MGE<\/h4>\n\n\n\n<p>las personas que postulan al Mag\u00edster en Gesti\u00f3n de Empresas, ser\u00e1n evaluados de acuerdo a la siguiente <a href=\"http:\/\/mge.ubiobio.cl\/wp-content\/uploads\/2024\/11\/FICHA-ENTREVISTA-WEB-MGE.docx\" target=\"_blank\" rel=\"noreferrer noopener\">pauta de&nbsp;evaluaci\u00f3n<\/a>.<\/p>\n\n\n\n<h4 class=\"wp-block-heading\">Comit\u00e9 Acad\u00e9mico del MGE<\/h4>\n\n\n\n<div class=\"table-responsive\">\n    <table class=\"table table-hover table-striped\">\n        <thead>\n            <tr>\n                <th colspan=\"3\" style=\"text-align: left;\">COMIT\u00c9 ACAD\u00c9MICO DEL MGE<\/th>\n            <\/tr>\n        <\/thead>\n        <tbody>\n            <tr>\n                <th scope=\"row\">Dra. Patricia Huerta Riveros<\/th>\n                <td>Depto. de Administraci\u00f3n y Auditoria<\/td>\n                <td>Concepci\u00f3n<\/td>\n            <\/tr>\n            <tr>\n                <th scope=\"row\">Dra. Andrea King<\/th>\n                <td>Depto. de Econom\u00eda y Finanzas<\/td>\n                <td>Concepci\u00f3n<\/td>\n            <\/tr>\n            <tr>\n                <th scope=\"row\">Dr. Sergio Araya Guzm\u00e1n<\/th>\n                <td>Depto. de Sistemas de Informaci\u00f3n<\/td>\n                <td>Concepci\u00f3n<\/td>\n            <\/tr>\n            <tr>\n                <th scope=\"row\">Dr. Francisco Gatica<\/th>\n                <td>Depto. Econom\u00eda y Finanzas<\/td>\n                <td>Concepci\u00f3n<\/td>\n            <\/tr>\n            <tr>\n                <th scope=\"row\">Dra. Carolina Leyton Pavez<\/th>\n                <td>Depto. Gesti\u00f3n Empresarial<\/td>\n                <td>Chill\u00e1n<\/td>\n            <\/tr>\n            <tr>\n                <th scope=\"row\">Dr. Miguel Romero V\u00e1squez<\/th>\n                <td>Depto. de Ciencias de la Computaci\u00f3n y Tecnolog\u00edas de Informaci\u00f3n<\/td>\n                <td>Chill\u00e1n<\/td>\n            <\/tr>\n            <tr>\n                <th scope=\"row\">Dra. Nataly Gui\u00f1ez<\/th>\n                <td>Departamento Gesti\u00f3n Empresarial<\/td>\n                <td>Chill\u00e1n<\/td> \n            <\/tr>\n        <\/tbody>\n    <\/table>\n<\/div>\n\n\n\n<h4 class=\"wp-block-heading\"><strong>DURACI\u00d3N DEL PROGRAMA:<\/strong><\/h4>\n\n\n\n<ul class=\"wp-block-list\">\n<li>Modalidad ejecutiva: 3 semestres<\/li>\n\n\n\n<li>Modalidad articulada: 4 semestres<\/li>\n<\/ul>\n\n\n\n<h4 class=\"wp-block-heading\"><strong>HORARIOS Y LUGAR DE DESARROLLO<\/strong><\/h4>\n\n\n\n<ul class=\"wp-block-list\">\n<li>Modalidad articulada y modalidad ejecutiva<\/li>\n\n\n\n<li>Jueves: 18:00-21:00 horas<\/li>\n\n\n\n<li>Viernes: 18:00-21:00 horas<\/li>\n\n\n\n<li>S\u00e1bado de 8:00-14:00 horas<\/li>\n\n\n\n<li><strong>Sede Concepci\u00f3n<\/strong>: Universidad del B\u00edo-B\u00edo, Facultad de Ciencias Empresariales, Avenida Collao 1202, Concepci\u00f3n, Regi\u00f3n del Biob\u00edo.<\/li>\n\n\n\n<li><strong>Sede Chill\u00e1n:<\/strong> Universidad del B\u00edo-B\u00edo, Facultad de Ciencias Empresariales, Avenida Andr\u00e9s Bello 720, Chill\u00e1n, Regi\u00f3n de \u00d1uble.<\/li>\n<\/ul>\n\n\n\n<p>Programa presencial con uso de tecnolog\u00edas de informaci\u00f3n a trav\u00e9s de apoyo telem\u00e1tico.<\/p>\n\n\n\n<h4 class=\"wp-block-heading\"><strong>Los costos del programa para el periodo 2026 son:<\/strong><\/h4>\n\n\n\n<p>Seg\u00fan pol\u00edticas de cobranza de la UBB, existen descuentos por pago contado, por ser ex alumno\/a de nuestra universidad y descuento por ser funcionario\/a UBB.<\/p>\n\n\n\n<p>Adem\u00e1s, se puede postular a becas internas UBB, que se informar\u00e1n cuando est\u00e9n disponibles.&nbsp;<\/p>\n\n\n\n<p>A continuaci\u00f3n, adjuntamos link sobre informaci\u00f3n a becas externas:<\/p>\n\n\n\n<p>Becas ANID para estudiantes de programas acreditados en el \u00e1rea de negocios: <\/p>\n\n\n\n<p><a href=\"https:\/\/ayuda.anid.cl\/hc\/es\/articles\/360022532891--Puedo-postular-a-una-beca-para-cursar-un-postgrado-en-%C3%A1reas-de-negocios-\">https:\/\/ayuda.anid.cl\/hc\/es\/articles\/360022532891\u2013Puedo-postular-a-una-beca-para-cursar-un-postgrado-en-%C3%A1reas-de-negocios-<\/a><\/p>\n\n\n\n<p>Becas para Programa Magister Nacional para Funcionarios p\u00fablicos: <a href=\"https:\/\/www.anid.cl\/capital-humano\/magister-nacional-para-funcionarios-as-del-sector-publico\/\">https:\/\/www.anid.cl\/capital-humano\/magister-nacional-para-funcionarios-as-del-sector-publico\/<\/a><\/p>\n\n\n\n<h4 class=\"wp-block-heading\">Costos (**)<\/h4>\n\n\n\n<p>La permanencia e ingreso en el programa para el periodo de Admisi\u00f3n 2026 son los siguientes:<\/p>\n\n\n\n<table class=\"table table-hover table-striped\">\n    <thead>\n      <tr>\n        <th scope=\"col\">Ingresos (*)<\/th>\n        <th scope=\"col\">A\u00f1o 1 (2026)<\/th>\n        <th scope=\"col\">A\u00f1o 2 (**)<\/th>\n        <th scope=\"col\">Total (**)<\/th>\n      <\/tr>\n    <\/thead>\n    <tbody>\n      <tr>\n        <th scope=\"row\">Modalidad articulada**,***<\/th>\n        <td>0<\/td>\n        <td>3.734.000<\/td>\n        <td>3.734.000<\/td>\n      <\/tr>\n      <tr>\n        <th scope=\"row\">Modalidad ejecutiva**<\/th>\n        <td>4.979.000<\/td>\n        <td>2.489.650<\/td>\n        <td>7.468.950<\/td>\n      <\/tr>\n    <\/tbody>\n  <\/table>\n\n\n\n<p>*M\u00e1s matr\u00edcula anual de acuerdo a lo establecido por la instituci\u00f3n. Matr\u00edcula a\u00f1o 2026: $140.000<\/p>\n\n\n\n<p>**Valores que se reajustar\u00e1n anualmente de acuerdo a los lineamientos institucionales.<\/p>\n\n\n\n<p>*** El programa renovado analizar\u00e1 la posibilidad de apoyo financiero a estudiantes articulados para cubrir parte de su segundo a\u00f1o, s\u00f3lo en el caso que sea posible de acuerdo a la situaci\u00f3n financiera del programa y en el marco de las normas vigentes de la UBB.<\/p>\n\n\n\n<p>****Los valores de arancel y matr\u00edcula del segundo a\u00f1o son referenciales y ser\u00e1n reajustados de acuerdo a los lineamientos institucionales.<\/p>\n\n\n\n<p><strong>Observaci\u00f3n:<\/strong> Estos valores corresponden al periodo regular que contempla el Programa. Fuera de este periodo el estudiante deber\u00e1 cubrir costos adicionales, de acuerdo a lineamientos institucionales.<\/p>\n\n\n\n\n\n\n\n\n\n\n\n\n\n\n\n\n\n\n\n\n\n\n\n\n\n\n\n\n\n\n\n\n\n\n\n\n\n\n\n\n\n\n\n\n\n\n\n\n\n\n\n\n\n\n\n\n","protected":false},"excerpt":{"rendered":"<p>POSTULACI\u00d3N A PARTIR DEL A\u00d1O 2024 Documentaci\u00f3n m\u00ednima que deber\u00e1 presentar el postulante En el momento de ser aceptado, el\/la postulante extranjero\/a deber\u00e1 presentar una declaraci\u00f3n jurada simple que exprese que tiene los recursos financieros suficientes para realizar estudios de postgrado en Chile (independientemente de su postulaci\u00f3n a becas) y una carta de corroboraci\u00f3n de [&hellip;]<\/p>\n","protected":false},"author":1,"featured_media":0,"parent":0,"menu_order":0,"comment_status":"closed","ping_status":"closed","template":"","meta":{"footnotes":""},"class_list":["post-437","page","type-page","status-publish","hentry"],"_links":{"self":[{"href":"https:\/\/mge.ubiobio.cl\/index.php\/wp-json\/wp\/v2\/pages\/437","targetHints":{"allow":["GET"]}}],"collection":[{"href":"https:\/\/mge.ubiobio.cl\/index.php\/wp-json\/wp\/v2\/pages"}],"about":[{"href":"https:\/\/mge.ubiobio.cl\/index.php\/wp-json\/wp\/v2\/types\/page"}],"author":[{"embeddable":true,"href":"https:\/\/mge.ubiobio.cl\/index.php\/wp-json\/wp\/v2\/users\/1"}],"replies":[{"embeddable":true,"href":"https:\/\/mge.ubiobio.cl\/index.php\/wp-json\/wp\/v2\/comments?post=437"}],"version-history":[{"count":53,"href":"https:\/\/mge.ubiobio.cl\/index.php\/wp-json\/wp\/v2\/pages\/437\/revisions"}],"predecessor-version":[{"id":3890,"href":"https:\/\/mge.ubiobio.cl\/index.php\/wp-json\/wp\/v2\/pages\/437\/revisions\/3890"}],"wp:attachment":[{"href":"https:\/\/mge.ubiobio.cl\/index.php\/wp-json\/wp\/v2\/media?parent=437"}],"curies":[{"name":"wp","href":"https:\/\/api.w.org\/{rel}","templated":true}]}}